v) = 4 + 4 - v + 2. Let t be c(8). Suppose -6 = t*u - j - 39, 3*j = -2*u + 21. What are the prime factors of u?
3, 5
Suppose 0 = -2*f - 0 + 4. Let j be -1 - (-6 + 2)/f. What are the prime factors of (j - 16)*77/(-33)?
5, 7
Suppose -3*c = -211 - 113. Suppose 0*a = 2*a - c. What are the prime factors of a?
2, 3
List the prime factors of (-4)/((-108)/(-927))*-12.
2, 103
Suppose -3*w + 10 = -47. List the prime factors of w.
19
Let a(v) = v**3 - 5*v**2 - 3*v - 2. Let w be a(6). Let h be 41*3*w/24. Suppose -88 = -5*q - 3*d + 2*d, 5*q - d = h. What are the prime factors of q?
17
Let t(c) = 2*c**3 + c. Let r be t(3). Let i = 243 - 252. List the prime factors of r/1 - (-36)/i.
53
Let o(u) = 371*u**2 - 4*u + 3. What are the prime factors of o(1)?
2, 5, 37
Let c = 446 - 240. Suppose -212*a + 1584 = -c*a. List the prime factors of a.
2, 3, 11
Let k(f) = -2*f**2 + f + 39. Suppose 0 = -0*h + h - 4*t, 0 = -h + 2*t. Let s be k(h). Suppose 0 = 5*l + s - 309. List the prime factors of l.
2, 3
Let w = -32 + 27. What are the prime factors of 392/5 - (6/w)/(-3)?
2, 3, 13
Suppose 4 = 5*l - 21, 0 = -4*s - 4*l + 28. Let i = -5 + s. What are the prime factors of 98/6 + i/9?
2
Suppose n + 1739 - 5785 = 0. What are the prime factors of n?
2, 7, 17
Suppose -4685 - 4425 = -5*z - s, 0 = -3*z + 3*s + 5484. List the prime factors of z.
1823
Let q be (-1 - (-10)/3) + 14/21. Suppose 88 = q*n - 164. List the prime factors of n.
2, 3, 7
Let q(h) = -12*h + 1. Let s be q(-7). Let d = 62 + s. What are the prime factors of d?
3, 7
Suppose 55*g = 64*g - 8379. List the prime factors of g.
7, 19
Let x be 3 + -1 + 3/((-6)/(-4)). Suppose -5*y + 4*n = 3*n - 824, -x*n + 640 = 4*y. List the prime factors of y.
2, 41
Let a = -6 + -9. What are the prime factors of 634/16 - a/40?
2, 5
Let j = -642 + 1488. List the prime factors of j.
2, 3, 47
Let b(v) = -2*v + 5*v + 1 - 7*v + 5*v**2 + 3*v. What are the prime factors of b(-3)?
7
Suppose 3*b - 311 - 427 = 0. List the prime factors of b.
2, 3, 41
Let b = 19 + -13. List the prime factors of ((-2)/b)/(14/(-756)).
2, 3
Let h(i) = 5*i + 8. Let m be h(-6). Let s = 26 - m. Suppose -2*u - 4*v = -s, -v = 5*u + v - 112. What are the prime factors of u?
2, 11
Let h(a) = 185*a - 7. What are the prime factors of h(1)?
2, 89
Suppose 0 = 5*x + 3*r - 1705, 5*x - 2*x = 5*r + 1057. List the prime factors of x.
2, 43
Let w be 196 + (52/(-39))/((-2)/(-3)). Suppose 5*k - g - g = 332, 4*g - w = -3*k. What are the prime factors of k?
2, 3, 11
Suppose 6*s = 20*s + 2380. Let l = s + 295. List the prime factors of l.
5
Let k(i) = i + 24. Suppose -4 = -o - o - 2*c, -4*c - 48 = -4*o. What are the prime factors of k(o)?
31
Let h(y) = -2*y**2 - 3*y**2 - y + 5*y**3 - 6*y**3 - 3*y**2 - 2. What are the prime factors of h(-8)?
2, 3
Let i(p) = -p**3 + 10*p**2 - 9*p + 3. Let n be i(9). Suppose -m - b = b + 36, 0 = m - n*b + 16. Let a = m - -50. List the prime factors of a.
2, 11
Let r be (-2)/2 + (-1173)/(-3). Let b = r + -138. List the prime factors of (b/(-35))/(6/(-20)).
2, 3
Let v(j) = -j**3 - j**2 - 3*j + 139. Let c be v(0). Let a = c - 1. What are the prime factors of a?
2, 3, 23
Let j be (((-96)/(-9))/8)/((-1)/(-6)). Let m(u) = u**3 - 9*u**2 + 12*u - 3. What are the prime factors of m(j)?
29
Let g = 506 - -117. List the prime factors of g.
7, 89
Suppose 4202 = 3*q + 4*g, -9*g + 4162 = 3*q - 13*g. What are the prime factors of q?
2, 17, 41
Let m(h) = 5*h**2 - 4. Let j(a) = 10*a**2 - 8. Let w(g) = 3*j(g) - 5*m(g). What are the prime factors of w(4)?
2, 19
Let u(q) = 220*q + 181. What are the prime factors of u(24)?
43, 127
What are the prime factors of 389/1 - 1*(-2 + 3)?
2, 97
Let l(k) = 1236*k**2 - 9*k - 26. What are the prime factors of l(-2)?
2, 617
Let y = -18 + -332. List the prime factors of (y/(-4))/(-3 + (-7)/(-2)).
5, 7
Suppose -4*q + 452 = -256. Let r = -94 + q. List the prime factors of r.
83
Let j = 2118 - 1241. List the prime factors of j.
877
Let v be 17/(14/(-4) - -4). Let l = 96 + v. Suppose -8*o + 13*o - l = 0. What are the prime factors of o?
2, 13
Suppose -102*f - 1879 = -4*n - 105*f, 1403 = 3*n - 4*f. List the prime factors of n.
7, 67
Suppose 0 = -7*g - 7*g + 56. Suppose -g*z = -234 + 42. What are the prime factors of z?
2, 3
Suppose 23 = q - 9. Let j = q + -23. List the prime factors of 6/(5/(30/j)).
2
Let m = -5 + 7. Let z(r) = 1 - 1 + 4*r + 1 + 0 - r**2. What are the prime factors of z(m)?
5
Let z = 232 + -125. List the prime factors of z.
107
Let p(m) = -356*m + 5. What are the prime factors of p(-2)?
3, 239
Let v(b) = b - 1. Let h(o) = 2. Let r(p) = -3*h(p) - 2*v(p). Let y be r(-2). Suppose y = -0*x - 2*x + 68. What are the prime factors of x?
2, 17
Let l = 11 - 9. List the prime factors of (1/l)/((-4)/(-240)).
2, 3, 5
Suppose m = 3*u - 20, 4*m + 6*u = u - 12. Let l = m + 12. Suppose -l*f + 9 = 5*k, -3*k - 8 - 1 = 0. List the prime factors of f.
2, 3
Suppose -17*t = -26*t + 2124. Suppose m - 2*m = 1. List the prime factors of ((-3)/12)/(m/t).
59
Let v(o) = 39*o**2 + o. Let d = 4 + -2. Suppose -2*a - d*u = 2*u + 18, -u - 7 = 3*a. What are the prime factors of v(a)?
2, 19
Let y = 41 + -20. Let h = -11 + -5. Let q = y + h. What are the prime factors of q?
5
Let x be (-41360)/(-66) - 1/(-3). What are the prime factors of (x + -1)/((-6)/(-3)) - -2?
3, 5, 7
Let s be 24/8 + (1 - 1). Let p(m) = -4*m - m - 3 + s*m - 5. List the prime factors of p(-11).
2, 7
What are the prime factors of (348*(-3)/(-45)*5)/1?
2, 29
Let t = -158 + 586. Suppose t = 4*p - 2*p. What are the prime factors of p?
2, 107
Suppose 0 = 3*i - m - 983 - 400, 4*i = -m + 1844. What are the prime factors of i?
461
Suppose -4*t + 4*l = t - 62, 0 = -3*t - 3*l + 48. List the prime factors of (36/(-63))/2 - (-3000)/t.
2, 107
Suppose 0*j - 6 = -3*j, 0 = 5*b - 3*j - 429. What are the prime factors of b?
3, 29
Suppose 4*x - 20 = 0, 0 = 10*b - 8*b - 3*x + 71. What are the prime factors of (-2 - (-3822)/33) + b/(-154)?
2, 3, 19
Let z(d) = 2*d**3 - 15*d**2 + 3*d - 11. What are the prime factors of z(8)?
7, 11
Suppose 2*b + 5 = 9. Suppose -2*f = -3*y + b*y - 363, -180 = -f - y. List the prime factors of f.
181
Suppose -4*w + 3006 = -462. List the prime factors of w.
3, 17
Let w(z) = 5*z**2 - 9*z + 4. Let q be w(-6). What are the prime factors of (-12)/(-60) + q/10?
2, 3
Let s(t) = -16*t - 2. List the prime factors of s(-7).
2, 5, 11
Suppose 0 = -4*a - 5*t + 49, -3*a - 2*a + t + 25 = 0. Suppose 114 = a*c - 4*c. List the prime factors of c.
3, 19
Let h(v) = -146*v - 267. List the prime factors of h(-11).
13, 103
Suppose o - 3*w = -5, -3*w = 2*w + 15. What are the prime factors of 951/21 - (-4)/o?
3, 5
Let x(l) = 9*l + 0*l**2 - 8*l**2 + 12 + 7*l**2. List the prime factors of x(7).
2, 13
List the prime factors of (-9)/6*(-274 + -4).
3, 139
Let t(f) = -f**2 + f - 1. Let c(u) = -2*u**2 + 4*u - 17. Let a(b) = -c(b) - 2*t(b). What are the prime factors of a(8)?
227
Let c = -511 + 2705. List the prime factors of c.
2, 1097
Let m(p) = 9*p + 2. Let v be (-2 + 1)*(7 + -10). Let c be m(v). Suppose 5*z - 164 + c = 0. What are the prime factors of z?
3
Suppose 7*m = 9*m + 56. List the prime factors of 56/6*(-231)/m.
7, 11
Let n be (-11)/(-13) + -1 - (-3015)/585. Suppose -5*c + u = 4*u - 1265, 5*c - n*u = 1225. List the prime factors of c.
2, 5
Let h(d) = d - 4. Let f be h(2). What are the prime factors of f*(-27 - 4)*2?
2, 31
Let h be (-82)/(-6) - (-1)/3. Let t(c) = c**3 + 42*c**2 + 79*c - 36. Let o be t(-40). What are the prime factors of ((-104)/(-14))/(o/h)?
2, 13
Let z = 107 - -36. Let j = -123 + z. What are the prime factors of j?
2, 5
Let w be (-4118)/(-18) + (-4)/(-18). Let b = w + -150. What are the prime factors of b?
79
Let x(w) = -99*w + 49. What are the prime factors of x(-8)?
29
What are the prime factors of (-2 - (-80)/32) + 4974/4?
2, 311
Suppose 4*q = 2*j - 5 - 13, -4*q - 28 = -4*j. Suppose x = 4*d - 407, -j*d + 9*x - 4*x + 505 = 0. What are the prime factors of d?
2, 3, 17
Suppose -2*f + 7*f + 2*p = 828, 5*f + 4*p - 836 = 0. Let s = 279 - f. What are the prime factors of s?
5, 23
Let w = -86 + 430. List the prime factors of w.
2, 43
Let i(h) = -h**2 + 16*h - 2. Let u be i(8). Suppose 0 = 2*s - 16*s + 112. Let k = u + s. What are the prime factors of k?
2, 5, 7
Let t = 927 - -276. What are the pr